ppose -989*v + 720 = -979*v. Calculate the greatest common factor of v and 384.
24
Let h be (-17043)/(-91) + (-4)/14. Let y(v) = 2*v**2 + 8*v - 7. Let n be y(-6). Calculate the highest common divisor of n and h.
17
Let a(r) = -2*r + 21. Let k be 6/(-33) - (-144)/66 - -5. Let n be a(k). Calculate the greatest common factor of 63 and n.
7
Let p(g) = 283*g + 4708. Let l be p(-16). Suppose 2*y + 5 = m - 7, -4*m - 3*y = -26. Suppose 5*q = m + 92. What is the highest common factor of l and q?
20
Let a(d) be the second derivative of d**4/12 - 2*d**3/3 + 7*d**2/2 + 17*d. Let i be a(5). Calculate the highest common divisor of i and 96.
12
Let l = 85 - -99. Suppose -21 = -4*p + 71. What is the highest common divisor of l and p?
23
Let d(m) = -2 + 3 + 2*m - 11*m + 6 + m**3 + 7*m**2. Let y be d(-8). What is the greatest common factor of y and 5?
5
Suppose -3*l + 302 = 119. Suppose 8*y - 59 = l. Let f(p) = -16*p - 4. Let z be f(-4). Calculate the greatest common factor of y and z.
15
Let x(i) = i**3 + 4*i**2. Let r be x(-3). Let n = 8 + r. Calculate the highest common factor of 136 and n.
17
Let q(a) = -2*a**3 + 6*a**2 - 5*a + 6. Suppose -4 = -9*w + 8*w. Let j be q(w). Let g = j - -106. What is the greatest common factor of g and 15?
15
Let z be ((-68)/119)/(3/6 - 134/252). Let k be (6/(-4))/((-3)/32). Suppose -4 = i - k. Calculate the greatest common factor of z and i.
6
Let d = -46 + 48. Suppose 5*q + m + 16 - 60 = 0, d*m + 2 = 0. Calculate the greatest common factor of 9 and q.
9
Let y be -2*(-5464)/24 + (-3)/9. Calculate the highest common divisor of 104 and y.
13
Let n(c) = 2*c**2 - 84*c + 936. Let a be n(0). Calculate the highest common divisor of a and 27.
9
Let q = -970 + 1038. What is the greatest common factor of q and 40?
4
Let t(w) = -28*w**3 + w**2. Let p be t(2). Let s = 320 + p. Let q be 4 + 8/40 + (-79)/(-5). Calculate the greatest common factor of s and q.
20
Suppose -n + 43 = -4*c, 4*n + 2*c - 6*c = 160. Calculate the highest common divisor of 3 and n.
3
Suppose k + 15 = -4*k + 5*g, 4*k = 5*g - 15. Suppose k = -6*q + 67 + 65. What is the highest common factor of 154 and q?
22
Let y = -958 + 1312. What is the greatest common divisor of y and 6?
6
Let o be (2/(-3))/(((-65)/630)/13). Suppose s = -z - s + o, 0 = 3*z - 5*s - 219. Calculate the highest common divisor of 52 and z.
26
Suppose -11 = i - 3. Let h = i + -1. Let y(v) = -2*v - 5. Let t be y(h). Calculate the greatest common factor of t and 52.
13
Suppose 2*h - 7*h + 15 = 0. What is the greatest common factor of 24 and h?
3
Suppose 0 = -3*k - 2*g + 28, -5*k + 2*g + 19 + 1 = 0. Let j be 7 + (2 - k) - 3. Suppose -s + 5*s - 224 = j. What is the highest common factor of s and 7?
7
Let f(h) = 4*h - 25. Let s be f(7). Suppose 33 = s*j - 15. What is the highest common divisor of j and 16?
16
Let t be -1 - -10 - (-16 + -1). What is the greatest common factor of 871 and t?
13
Let m(f) = -f + 14. Suppose -60 = -2*p - 2*p. Let c be 5/(1*p/18). Let q be m(c). Calculate the greatest common divisor of q and 64.
8
Let x = 163 - 147. Suppose -x*g + 2016 = -2*g. Calculate the highest common factor of g and 16.
16
Suppose 16*v - 1509 = -357. Calculate the greatest common divisor of v and 256.
8
Suppose 6*f - 315 = f. Suppose -a + 10*x - 31 = 0, 0 = -3*a - 3*x + 8*x + 7. Calculate the greatest common divisor of a and f.
9
Let r(q) = 9*q**2 + 2*q + 2. Let h be r(-1). Suppose -l + 37 = h. What is the greatest common factor of l and 4?
4
Let h(x) = x**2 + 20*x + 2. Let y be h(-20). Let i be (4*4/8)/(y/9). Calculate the greatest common divisor of 90 and i.
9
Let m = 195 - 123. Suppose -2*r - 34 = -2*l, 0 = -2*l + l + 3*r + 17. Suppose 5*u - l = -k + 32, 4*k - 7 = u. Calculate the highest common divisor of u and m.
9
Let f(k) be the first derivative of -k**2 - 7*k - 1. Suppose 25*w - 30*w - 35 = 0. Let p be f(w). What is the greatest common factor of p and 56?
7
Let b be 1 + 0 + 34 + 3. What is the greatest common factor of 19 and b?
19
Suppose x + f = -2*x - 1, 0 = -4*x - 5*f - 5. Suppose -4*q - 8 = -x*q. Let w = 16 + q. What is the greatest common divisor of 56 and w?
14
Let u be 38 - 31 - (1 - 99). Calculate the greatest common factor of u and 84.
21
Let q = 83 - 41. Suppose 0 = 2*v - 22 - q. Calculate the greatest common factor of v and 80.
16
Let v be (1/2)/1*12. Let p be ((-8)/(-6))/(2/v). Calculate the greatest common factor of 8 and p.
4
Suppose 19*d - 13*d - 480 = 0. Calculate the greatest common divisor of 10 and d.
10
Let z be 3725 + 6 + 2 + -1 + -14. What is the highest common divisor of 22 and z?
22
Suppose -8*m + 272 = -1312. What is the highest common factor of 616 and m?
22
Suppose -7*k - 3*u = -5*k - 127, u + 174 = 3*k. What is the highest common factor of k and 531?
59
Suppose -3*i + 69 = -2*m, -5*i + 9 = m - 93. Calculate the highest common factor of 231 and i.
21
Suppose 0 = -2*o - 5*l + 136, 5*o - o - 272 = 3*l. Calculate the greatest common divisor of 238 and o.
34
Let u be (2/(-6))/(-1*(-2)/(-174)). Let v be (-4)/(-20) + (-4056)/(-20). What is the highest common divisor of u and v?
29
Let a be (-5 - -8)*(-4)/12*-5. Suppose 0*g - 4*g - r = -9, 0 = 3*g - 4*r - 2. Let v be g*(-5)/2*-1. Calculate the greatest common factor of v and a.
5
Let b = 214 + -137. Calculate the greatest common divisor of 22 and b.
11
Suppose 5*f + 5*l - 355 = 0, 0*l - l + 143 = 2*f. Let k = -2877 - -2889. What is the greatest common divisor of f and k?
12
Let v = 1 + 2. Suppose 2*c = -v*c + 55. Suppose -2*r + 567 - 501 = 0. Calculate the highest common factor of r and c.
11
Let r be (-273)/6 + 3/(-6). Let h = -64 - r. Let c = h + 20. What is the highest common factor of c and 4?
2
Let l = -42 + 69. What is the highest common divisor of l and 243?
27
Let w = -85 - -95. Let b be (w/(-6))/((-1)/(-156)*-4). Calculate the highest common factor of 13 and b.
13
Let c(m) = m**2 - m - 7. Let l be ((-30)/(-12))/((-2)/(-4)). Suppose -4 = l*h + 11. Let t be c(h). Calculate the greatest common factor of t and 55.
5
Let z = 1402 - 1386. What is the highest common factor of z and 640?
16
Let s(p) = -p**2 - 16*p - 8. Suppose d + 27 = -i, 7*d - 2*i = 2*d - 142. Let u = d - -13. Let a be s(u). Calculate the highest common factor of 28 and a.
7
Let c = 745 - 536. What is the highest common factor of 57 and c?
19
Suppose -3*d + 3 = -0*d. Let s be 6 + -3 - (-5)/(15/12). Calculate the highest common divisor of s and d.
1
Let u(w) = w**2 - 8*w - 3. Let z be u(6). Let m be 3/(z/(-100)) - (2 - 0). What is the highest common divisor of 126 and m?
18
Let r(z) = 7*z + 19. Let u(w) = 8*w + 18. Let p(h) = 4*r(h) - 3*u(h). Let k be p(-5). Calculate the highest common divisor of k and 12.
2
Let c = -430 - -449. What is the greatest common factor of 2831 and c?
19
Let i = -134 - -138. Suppose 3*h + i - 67 = 0. Calculate the highest common factor of 3 and h.
3
Let o(y) = -3*y + 12. Let q be o(0). Suppose 12 = 6*v - 2*v. What is the greatest common divisor of v and q?
3
Suppose 2*u + 2*r = u + 28, -3*r + 33 = u. What is the greatest common factor of 162 and u?
18
Let b be ((-4)/20)/(2/15)*-2. Let h(t) = 22*t + 2 + 7*t + 13*t - 11*t. Let g be h(1). What is the highest common factor of b and g?
3
Suppose 16*d - 870 = 6426. Calculate the highest common divisor of 95 and d.
19
Let t(g) = g**2 + g - 22. Let f be t(-6). Suppose -4*m + 77 = 3*r - 111, 0 = 5*r - 2*m - 322. What is the greatest common factor of f and r?
8
Suppose -27 = 2*u - 11. Let s be 3/((6/(-15))/(u/5)). Suppose 50 = d - 82. What is the greatest common divisor of d and s?
12
Let f(q) = -q**3 - 41*q**2 - 76*q + 111. Let j be f(-39). Calculate the greatest common divisor of 297 and j.
33
Let h(l) = 3 + 2*l - l**3 + l**2 + 0*l + 3*l**2 - 2. Let t be h(4). What is the greatest common factor of t and 18?
9
Let g(y) = -y**3 + 4*y**2 + 7*y + 2. Let l be g(5). Let i be 93 - ((-216)/(-6))/4. Calculate the greatest common divisor of i and l.
12
Let b = -33 - -60. Let d be (20/(-6))/((-1)/b). Calculate the greatest common divisor of d and 10.
10
Let y be (12/(-14))/(-3) - (-1188)/154. Let c be 4/y*-2 - -32. Calculate the greatest common divisor of 341 and c.
31
Suppose 2*b = -1 + 3, -5*b = -l + 5. Let a = 51 - 46. Calculate the greatest common factor of a and l.
5
Suppose -4094 = -5*l - f, 5*f